{"id":22722,"date":"2025-05-15T10:16:11","date_gmt":"2025-05-15T08:16:11","guid":{"rendered":"https:\/\/www.mio.osupytheas.fr\/?post_type=tribe_events&#038;p=22722"},"modified":"2025-07-10T23:14:12","modified_gmt":"2025-07-10T21:14:12","slug":"preclinical-models-co-building-a-strategic-vision","status":"publish","type":"tribe_events","link":"https:\/\/www.mio.osupytheas.fr\/en\/agenda\/modeles-precliniques-co-construire-une-vision-strategique\/","title":{"rendered":"Preclinical models: co-constructing a strategic vision"},"content":{"rendered":"<p style=\"text-align: justify;\">Amidex and the research vice-presidency invite you to an afternoon of discussions dedicated to preclinical models on the Aix-Marseille site.\r\nThis will be a key opportunity to strengthen synergies between researchers, engineers and innovation players, and to collectively define the site's strategy.<\/p>\r\n&nbsp;\r\n<h4 style=\"text-align: justify;\"><a href=\"https:\/\/amuform.univ-amu.fr\/formulaire-d-inscription-au-workshop-amidex-modeles-precliniques\" target=\"_blank\" rel=\"noopener\"><strong>Sign up<\/strong><\/a><\/h4>\r\n&nbsp;\r\n<h4 style=\"text-align: justify;\"><strong>Objectives<\/strong><\/h4>\r\n<ul>\r\n \t<li style=\"text-align: justify;\">Draw up an inventory of the site's capacities and plans<\/li>\r\n \t<li style=\"text-align: justify;\">Identify the scientific and technical obstacles to the development of preclinical models<\/li>\r\n \t<li style=\"text-align: justify;\">Prioritise needs according to their impact and feasibility<\/li>\r\n \t<li style=\"text-align: justify;\">Building a collective programme around a shared vision<\/li>\r\n<\/ul>\r\n&nbsp;\r\n<h4 style=\"text-align: justify;\"><strong>The programme<\/strong><\/h4>\r\n<p style=\"text-align: justify;\">Presentation of the ICCT project - Innovation Center for Clinical twins\r\nWorkshops on :<\/p>\r\n\r\n<ul>\r\n \t<li style=\"text-align: justify;\">In vivo preclinical models<\/li>\r\n \t<li style=\"text-align: justify;\">Preclinical in vitro models<\/li>\r\n \t<li style=\"text-align: justify;\">In silico preclinical models<\/li>\r\n \t<li style=\"text-align: justify;\">Optimising interactions between different models<\/li>\r\n \t<li style=\"text-align: justify;\">Development strategies, humanisation and biotechnologies<\/li>\r\n<\/ul>","protected":false},"excerpt":{"rendered":"<p>Amidex et la vice-pr\u00e9sidence recherche vous invitent \u00e0 un apr\u00e8s-midi d&#8217;\u00e9changes d\u00e9di\u00e9 aux mod\u00e8les pr\u00e9cliniques sur le site d&#8217;Aix-Marseille. Un moment cl\u00e9 pour renforcer les synergies entre chercheurs, ing\u00e9nieurs et [&hellip;]<\/p>\n","protected":false},"author":319,"featured_media":22723,"template":"","meta":{"_acf_changed":false,"_tribe_events_status":"","_tribe_events_status_reason":"","footnotes":""},"tags":[],"tribe_events_cat":[23,16],"class_list":["post-22722","tribe_events","type-tribe_events","status-publish","has-post-thumbnail","hentry","tribe_events_cat-ateliers","tribe_events_cat-evenement","cat_ateliers","cat_evenement"],"acf":[],"_links":{"self":[{"href":"https:\/\/www.mio.osupytheas.fr\/en\/wp-json\/wp\/v2\/tribe_events\/22722","targetHints":{"allow":["GET"]}}],"collection":[{"href":"https:\/\/www.mio.osupytheas.fr\/en\/wp-json\/wp\/v2\/tribe_events"}],"about":[{"href":"https:\/\/www.mio.osupytheas.fr\/en\/wp-json\/wp\/v2\/types\/tribe_events"}],"author":[{"embeddable":true,"href":"https:\/\/www.mio.osupytheas.fr\/en\/wp-json\/wp\/v2\/users\/319"}],"version-history":[{"count":1,"href":"https:\/\/www.mio.osupytheas.fr\/en\/wp-json\/wp\/v2\/tribe_events\/22722\/revisions"}],"predecessor-version":[{"id":22724,"href":"https:\/\/www.mio.osupytheas.fr\/en\/wp-json\/wp\/v2\/tribe_events\/22722\/revisions\/22724"}],"wp:featuredmedia":[{"embeddable":true,"href":"https:\/\/www.mio.osupytheas.fr\/en\/wp-json\/wp\/v2\/media\/22723"}],"wp:attachment":[{"href":"https:\/\/www.mio.osupytheas.fr\/en\/wp-json\/wp\/v2\/media?parent=22722"}],"wp:term":[{"taxonomy":"post_tag","embeddable":true,"href":"https:\/\/www.mio.osupytheas.fr\/en\/wp-json\/wp\/v2\/tags?post=22722"},{"taxonomy":"tribe_events_cat","embeddable":true,"href":"https:\/\/www.mio.osupytheas.fr\/en\/wp-json\/wp\/v2\/tribe_events_cat?post=22722"}],"curies":[{"name":"wp","href":"https:\/\/api.w.org\/{rel}","templated":true}]}}

<p>Amidex et la vice-présidence recherche vous invitent à un après-midi d&#8217;échanges dédié aux modèles précliniques sur le site d&#8217;Aix-Marseille. Un moment clé pour renforcer les synergies entre chercheurs, ingénieurs et [&hellip;]</p>
