{"id":23227,"date":"2025-05-19T01:24:00","date_gmt":"2025-05-18T23:24:00","guid":{"rendered":"https:\/\/www.mio.osupytheas.fr\/?post_type=tribe_events&#038;p=23227"},"modified":"2025-09-26T13:48:23","modified_gmt":"2025-09-26T11:48:23","slug":"feeding-europe-in-2050-with-sustainable-food-webinar","status":"publish","type":"tribe_events","link":"https:\/\/www.mio.osupytheas.fr\/en\/agenda\/webinaire-nourrir-leurope-en-2050-avec-une-alimentation-durable\/","title":{"rendered":"Webinar \"Feeding Europe in 2050 with sustainable food\"."},"content":{"rendered":"<p style=\"text-align: justify;\">The Human Resources Department's Corporate Social Responsibility department is aware of the challenges of sustainable development and, as part of the <em>european sustainable development week<\/em> a webinar hosted by Gilles Billen, Emeritus Research Director at the CNRS on <strong>Friday 26th September 2025<\/strong> from <strong>13h30<\/strong> \u00e0 <strong>14h30<\/strong><\/p>\r\n<p style=\"text-align: justify;\">This webinar, entitled <em>Feeding Europe in 2050 with sustainable food<\/em> This year's \"Food for Life\" conference will provide an opportunity to look at how the French agri-food system works, its impact on the environment, and the changes to eating habits and the structure of the farming system that would enable France and Europe to be fed in a healthy and sustainable way.<\/p>\r\n<p style=\"text-align: justify;\">It will be open to all CNRS employees, <a href=\"https:\/\/cnrs.zoom.us\/webinar\/register\/WN_qphHiu1XSByw1HRX5DV90w#\/registration\" target=\"_blank\" rel=\"noopener\">on simple registration<\/a>.<\/p>\r\n<p style=\"text-align: justify;\"><strong>Contact<\/strong>: <a href=\"mailto:lydia.nelsom@cnrs.fr\" target=\"_blank\" rel=\"noopener\">Lydia Nelsom<\/a><\/p>","protected":false},"excerpt":{"rendered":"<p>Le service de la responsabilit\u00e9 sociale de l\u2019employeur de la direction des ressources humaines est sensibilis\u00e9 aux enjeux du d\u00e9veloppement durable et organise dans le cadre de la semaine europ\u00e9enne [&hellip;]<\/p>\n","protected":false},"author":319,"featured_media":23229,"template":"","meta":{"_acf_changed":false,"_tribe_events_status":"","_tribe_events_status_reason":"","footnotes":""},"tags":[],"tribe_events_cat":[16,30],"class_list":["post-23227","tribe_events","type-tribe_events","status-publish","has-post-thumbnail","hentry","tribe_events_cat-evenement","tribe_events_cat-webinaires","cat_evenement","cat_webinaires"],"acf":[],"_links":{"self":[{"href":"https:\/\/www.mio.osupytheas.fr\/en\/wp-json\/wp\/v2\/tribe_events\/23227","targetHints":{"allow":["GET"]}}],"collection":[{"href":"https:\/\/www.mio.osupytheas.fr\/en\/wp-json\/wp\/v2\/tribe_events"}],"about":[{"href":"https:\/\/www.mio.osupytheas.fr\/en\/wp-json\/wp\/v2\/types\/tribe_events"}],"author":[{"embeddable":true,"href":"https:\/\/www.mio.osupytheas.fr\/en\/wp-json\/wp\/v2\/users\/319"}],"version-history":[{"count":3,"href":"https:\/\/www.mio.osupytheas.fr\/en\/wp-json\/wp\/v2\/tribe_events\/23227\/revisions"}],"predecessor-version":[{"id":23233,"href":"https:\/\/www.mio.osupytheas.fr\/en\/wp-json\/wp\/v2\/tribe_events\/23227\/revisions\/23233"}],"wp:featuredmedia":[{"embeddable":true,"href":"https:\/\/www.mio.osupytheas.fr\/en\/wp-json\/wp\/v2\/media\/23229"}],"wp:attachment":[{"href":"https:\/\/www.mio.osupytheas.fr\/en\/wp-json\/wp\/v2\/media?parent=23227"}],"wp:term":[{"taxonomy":"post_tag","embeddable":true,"href":"https:\/\/www.mio.osupytheas.fr\/en\/wp-json\/wp\/v2\/tags?post=23227"},{"taxonomy":"tribe_events_cat","embeddable":true,"href":"https:\/\/www.mio.osupytheas.fr\/en\/wp-json\/wp\/v2\/tribe_events_cat?post=23227"}],"curies":[{"name":"wp","href":"https:\/\/api.w.org\/{rel}","templated":true}]}}

<p style="text-align: justify;">The Human Resources Department's Corporate Social Responsibility department is aware of the challenges of sustainable development and, as part of the <em>european sustainable development week</em> a webinar hosted by Gilles Billen, Emeritus Research Director at the CNRS on <strong>Friday 26th September 2025</strong> from <strong>13h30</strong> à <strong>14h30</strong></p>
<p style="text-align: justify;">This webinar, entitled <em>Feeding Europe in 2050 with sustainable food</em> This year's "Food for Life" conference will provide an opportunity to look at how the French agri-food system works, its impact on the environment, and the changes to eating habits and the structure of the farming system that would enable France and Europe to be fed in a healthy and sustainable way.</p>
<p style="text-align: justify;">It will be open to all CNRS employees, <a href="https://cnrs.zoom.us/webinar/register/WN_qphHiu1XSByw1HRX5DV90w#/registration" target="_blank" rel="noopener">on simple registration</a>.</p>
<p style="text-align: justify;"><strong>Contact</strong>: <a href="mailto:lydia.nelsom@cnrs.fr" target="_blank" rel="noopener">Lydia Nelsom</a></p>

<p>Le service de la responsabilité sociale de l’employeur de la direction des ressources humaines est sensibilisé aux enjeux du développement durable et organise dans le cadre de la semaine européenne [&hellip;]</p>
