{"id":29452,"date":"2026-08-31T04:00:19","date_gmt":"2026-08-31T02:00:19","guid":{"rendered":"https:\/\/www.mio.osupytheas.fr\/?post_type=tribe_events&#038;p=29452"},"modified":"2026-08-31T04:00:19","modified_gmt":"2026-08-31T02:00:19","slug":"lancement-des-inscriptions-evenement-final-du-projet-treasure","status":"publish","type":"tribe_events","link":"https:\/\/www.mio.osupytheas.fr\/en\/agenda\/lancement-des-inscriptions-evenement-final-du-projet-treasure\/","title":{"rendered":"Lancement des inscriptions \u2013 \u00c9v\u00e8nement final du projet TREASURE"},"content":{"rendered":"<p style=\"text-align: justify;\">Rejoignez-nous <strong>les 29 et 30 septembre 2026<\/strong> \u00e0 <strong>La Seyne-sur-Mer<\/strong> at <strong>Casino JOA<\/strong>, pour l&#8217;\u00e9v\u00e8nement final du projet europ\u00e9en <a href=\"https:\/\/treasure.interreg-euro-med.eu\/\" target=\"_blank\" rel=\"noopener\"><strong>TREASURE<\/strong><\/a>, co-financ\u00e9 par l&#8217;<a href=\"https:\/\/interreg-euro-med.eu\/en\/\" target=\"_blank\" rel=\"noopener\">Interreg Euro-MED Programme<\/a>, dont le P\u00f4le Mer M\u00e9diterran\u00e9e est partenaire, et le Business Maritime Day organis\u00e9 par les <a href=\"https:\/\/www.portsradetoulon.com\/fr\" target=\"_blank\" rel=\"noopener\"><strong>Ports Rade Toulon-La Seyne<\/strong><\/a><strong>.<\/strong><\/p>\r\n<p style=\"text-align: justify;\">Le projet europ\u00e9en<strong><em> TREASURE<\/em><\/strong> vise \u00e0 am\u00e9liorer la qualit\u00e9 environnementale des ports m\u00e9diterran\u00e9ens en exp\u00e9rimentant des solutions innovantes d\u00e9j\u00e0 identifi\u00e9es, portant sur la qualit\u00e9 de l&#8217;eau, des s\u00e9diments et de l&#8217;air, la protection de la biodiversit\u00e9, ainsi que la gestion des d\u00e9chets et de l&#8217;\u00e9nergie.<\/p>\r\n<p style=\"text-align: justify;\"><strong>Objectif\u00a0de l&#8217;\u00e9v\u00e8nement<\/strong> : Pr\u00e9senter les r\u00e9sultats des projets, partager les retours d&#8217;exp\u00e9rience des partenaires et des ports pilotes des projets, mettre en lumi\u00e8re des solutions innovantes et favoriser les \u00e9changes entre les acteurs de l&#8217;\u00e9cosyst\u00e8me maritime.<\/p>\r\n&nbsp;\r\n<h4 style=\"text-align: justify;\"><strong>Programme<\/strong><\/h4>\r\n<p style=\"text-align: justify;\"><strong>Le 29 septembre 2026<\/strong>\u00a0: Final event <em>TREASURE<\/em><\/p>\r\n\r\n<ul style=\"text-align: justify;\">\r\n \t<li>Pr\u00e9sentation des r\u00e9sultats du projet <em>TREASURE<\/em> et retours d&#8217;exp\u00e9rience de ports partenaires du projet, notamment sur les activit\u00e9s d&#8217;am\u00e9lioration de qualit\u00e9 environnementale des ports ;<\/li>\r\n \t<li>Pr\u00e9sentation de solutions innovantes de rem\u00e9diation environnementale ;<\/li>\r\n \t<li>Une session B2B avec des autorit\u00e9s portuaires ;<\/li>\r\n \t<li>Visite du site d&#8217;<a href=\"https:\/\/www.linkedin.com\/company\/jan-de-nul\/\" target=\"_blank\" rel=\"noopener\">ENVISAN, Jan de Nul<\/a>.<\/li>\r\n<\/ul>\r\n<p style=\"text-align: justify;\"><\/p>\r\n<p style=\"text-align: justify;\"><strong>Le 30 septembre 2026<\/strong>\u00a0: Business Maritime Day<\/p>\r\n\r\n<ul style=\"text-align: justify;\">\r\n \t<li>Conf\u00e9rence sur les enjeux strat\u00e9giques de la d\u00e9sinformation dans le secteur maritime\u00a0et pr\u00e9sentation de projets europ\u00e9ens\u00a0;<\/li>\r\n \t<li>Visite de la rade en navette et d\u00e9monstration de drones sur le terminal fret de Br\u00e9gaillon.<\/li>\r\n<\/ul>\r\n<p style=\"text-align: justify;\"><\/p>\r\n<p style=\"text-align: justify;\"><strong>Les inscriptions \u00e0 ces \u00e9v\u00e8nements sont gratuites mais obligatoires<\/strong>. Vouz pouvez-vous inscrire d\u00e8s \u00e0 pr\u00e9sent\u00a0!<\/p>\r\n\r\n<ul>\r\n \t<li style=\"text-align: justify;\">29 septembre\u00a0: <a href=\"https:\/\/www.b2match.com\/e\/final-event-treasure\" target=\"_blank\" rel=\"noopener\">Inscription Final event TREASURE<\/a><\/li>\r\n \t<li style=\"text-align: justify;\">30 septembre\u00a0: <a href=\"https:\/\/forms.cloud.microsoft\/pages\/responsepage.aspx?id=JeXzTFBSvkCCyyzpqTIp5EkhMegQXCtBnOleZvfYtNhUN0ZNTjE3V0I0TEdGTThEQzFOMzFKUlhIVi4u&amp;origin=lprLink&amp;route=shorturl\" target=\"_blank\" rel=\"noopener\">Inscription Business Maritime Day<\/a><\/li>\r\n<\/ul>\r\n&nbsp;","protected":false},"excerpt":{"rendered":"<p>Rejoignez-nous les 29 et 30 septembre 2026 \u00e0 La Seyne-sur-Mer au Casino JOA, pour l&#8217;\u00e9v\u00e8nement final du projet europ\u00e9en TREASURE, co-financ\u00e9 par l&#8217;Interreg Euro-MED Programme, dont le P\u00f4le Mer M\u00e9diterran\u00e9e [&hellip;]<\/p>\n","protected":false},"author":319,"featured_media":29453,"template":"","meta":{"_acf_changed":false,"_tribe_events_status":"","_tribe_events_status_reason":"","footnotes":""},"tags":[],"tribe_events_cat":[6,16],"class_list":["post-29452","tribe_events","type-tribe_events","status-publish","has-post-thumbnail","hentry","tribe_events_cat-colloques","tribe_events_cat-evenement","cat_colloques","cat_evenement"],"acf":[],"_links":{"self":[{"href":"https:\/\/www.mio.osupytheas.fr\/en\/wp-json\/wp\/v2\/tribe_events\/29452","targetHints":{"allow":["GET"]}}],"collection":[{"href":"https:\/\/www.mio.osupytheas.fr\/en\/wp-json\/wp\/v2\/tribe_events"}],"about":[{"href":"https:\/\/www.mio.osupytheas.fr\/en\/wp-json\/wp\/v2\/types\/tribe_events"}],"author":[{"embeddable":true,"href":"https:\/\/www.mio.osupytheas.fr\/en\/wp-json\/wp\/v2\/users\/319"}],"version-history":[{"count":2,"href":"https:\/\/www.mio.osupytheas.fr\/en\/wp-json\/wp\/v2\/tribe_events\/29452\/revisions"}],"predecessor-version":[{"id":29456,"href":"https:\/\/www.mio.osupytheas.fr\/en\/wp-json\/wp\/v2\/tribe_events\/29452\/revisions\/29456"}],"wp:featuredmedia":[{"embeddable":true,"href":"https:\/\/www.mio.osupytheas.fr\/en\/wp-json\/wp\/v2\/media\/29453"}],"wp:attachment":[{"href":"https:\/\/www.mio.osupytheas.fr\/en\/wp-json\/wp\/v2\/media?parent=29452"}],"wp:term":[{"taxonomy":"post_tag","embeddable":true,"href":"https:\/\/www.mio.osupytheas.fr\/en\/wp-json\/wp\/v2\/tags?post=29452"},{"taxonomy":"tribe_events_cat","embeddable":true,"href":"https:\/\/www.mio.osupytheas.fr\/en\/wp-json\/wp\/v2\/tribe_events_cat?post=29452"}],"curies":[{"name":"wp","href":"https:\/\/api.w.org\/{rel}","templated":true}]}}

Lancement des inscriptions – Évènement final du projet TREASURE

<p style="text-align: justify;">Rejoignez-nous <strong>les 29 et 30 septembre 2026</strong> à <strong>La Seyne-sur-Mer</strong> at <strong>Casino JOA</strong>, pour l&#8217;évènement final du projet européen <a href="https://treasure.interreg-euro-med.eu/" target="_blank" rel="noopener"><strong>TREASURE</strong></a>, co-financé par l&#8217;<a href="https://interreg-euro-med.eu/en/" target="_blank" rel="noopener">Interreg Euro-MED Programme</a>, dont le Pôle Mer Méditerranée est partenaire, et le Business Maritime Day organisé par les <a href="https://www.portsradetoulon.com/fr" target="_blank" rel="noopener"><strong>Ports Rade Toulon-La Seyne</strong></a><strong>.</strong></p>
<p style="text-align: justify;">Le projet européen<strong><em> TREASURE</em></strong> vise à améliorer la qualité environnementale des ports méditerranéens en expérimentant des solutions innovantes déjà identifiées, portant sur la qualité de l&#8217;eau, des sédiments et de l&#8217;air, la protection de la biodiversité, ainsi que la gestion des déchets et de l&#8217;énergie.</p>
<p style="text-align: justify;"><strong>Objectif de l&#8217;évènement</strong> : Présenter les résultats des projets, partager les retours d&#8217;expérience des partenaires et des ports pilotes des projets, mettre en lumière des solutions innovantes et favoriser les échanges entre les acteurs de l&#8217;écosystème maritime.</p>
&nbsp;
<h4 style="text-align: justify;"><strong>Programme</strong></h4>
<p style="text-align: justify;"><strong>Le 29 septembre 2026</strong> : Final event <em>TREASURE</em></p>

<ul style="text-align: justify;">
 	<li>Présentation des résultats du projet <em>TREASURE</em> et retours d&#8217;expérience de ports partenaires du projet, notamment sur les activités d&#8217;amélioration de qualité environnementale des ports ;</li>
 	<li>Présentation de solutions innovantes de remédiation environnementale ;</li>
 	<li>Une session B2B avec des autorités portuaires ;</li>
 	<li>Visite du site d&#8217;<a href="https://www.linkedin.com/company/jan-de-nul/" target="_blank" rel="noopener">ENVISAN, Jan de Nul</a>.</li>
</ul>
<p style="text-align: justify;"></p>
<p style="text-align: justify;"><strong>Le 30 septembre 2026</strong> : Business Maritime Day</p>

<ul style="text-align: justify;">
 	<li>Conférence sur les enjeux stratégiques de la désinformation dans le secteur maritime et présentation de projets européens ;</li>
 	<li>Visite de la rade en navette et démonstration de drones sur le terminal fret de Brégaillon.</li>
</ul>
<p style="text-align: justify;"></p>
<p style="text-align: justify;"><strong>Les inscriptions à ces évènements sont gratuites mais obligatoires</strong>. Vouz pouvez-vous inscrire dès à présent !</p>

<ul>
 	<li style="text-align: justify;">29 septembre : <a href="https://www.b2match.com/e/final-event-treasure" target="_blank" rel="noopener">Inscription Final event TREASURE</a></li>
 	<li style="text-align: justify;">30 septembre : <a href="https://forms.cloud.microsoft/pages/responsepage.aspx?id=JeXzTFBSvkCCyyzpqTIp5EkhMegQXCtBnOleZvfYtNhUN0ZNTjE3V0I0TEdGTThEQzFOMzFKUlhIVi4u&amp;origin=lprLink&amp;route=shorturl" target="_blank" rel="noopener">Inscription Business Maritime Day</a></li>
</ul>
&nbsp;

<p>Rejoignez-nous les 29 et 30 septembre 2026 à La Seyne-sur-Mer au Casino JOA, pour l&#8217;évènement final du projet européen TREASURE, co-financé par l&#8217;Interreg Euro-MED Programme, dont le Pôle Mer Méditerranée [&hellip;]</p>
