{"id":13583,"date":"2024-09-17T03:21:46","date_gmt":"2024-09-17T01:21:46","guid":{"rendered":"https:\/\/www.mio.osupytheas.fr\/?post_type=tribe_events&#038;p=13583"},"modified":"2024-09-17T03:31:46","modified_gmt":"2024-09-17T01:31:46","slug":"8eme-rencontre-prodev","status":"publish","type":"tribe_events","link":"https:\/\/www.mio.osupytheas.fr\/fr\/agenda\/8eme-rencontre-prodev\/","title":{"rendered":"8\u00e8me rencontre ProDev"},"content":{"rendered":"<p style=\"text-align: justify;\">La <strong>8\u00e8me rencontre ProDev<\/strong> aura lieu cette ann\u00e9e le <strong>15 Octobre 2024<\/strong> et se d\u00e9roulera autour de la th\u00e9matique IA.<\/p>\r\n<p style=\"text-align: justify;\">Cet \u00e9v\u00e8nement aura lieu en simultan\u00e9 sur deux sites proven\u00e7aux : \u00e0 Marseille au MIO (sur le site de Luminy) et \u00e0 Aix-en-Provence \u00e0 la MMSH<\/p>\r\n<p style=\"text-align: justify;\"><strong>Programme<\/strong> :<\/p>\r\n\r\n<ul style=\"text-align: justify;\">\r\n \t<li>13h00 : Accueil caf\u00e9<\/li>\r\n \t<li>Pr\u00e9sentation du programme de la demi-journ\u00e9e<\/li>\r\n \t<li>Introduction \u00e0 l&#8217;IA (Vincent GUIGES)<\/li>\r\n \t<li>Retour d&#8217;exp\u00e9rience sur l&#8217;utilisation d&#8217;outils IA pour la bioinformatique (Pierre POULAIN)<\/li>\r\n \t<li>Pause<\/li>\r\n \t<li>Devcontainers pour l&#8217;IA (Fabrice DAIAN)<\/li>\r\n \t<li>Pr\u00e9sentation du r\u00e9f\u00e9rentiel pour mesurer et r\u00e9duire l&#8217;impact environnemental de l&#8217;IA (Gabriel BON)<\/li>\r\n \t<li>Questions diverses<\/li>\r\n \t<li>16h15 : FIN<\/li>\r\n<\/ul>\r\n<p style=\"text-align: justify;\"><a href=\"https:\/\/questionnaire.lis-lab.fr\/index.php\/987872?lang=fr\" target=\"_blank\" rel=\"noopener\">Cette demi-journ\u00e9e est gratuite mais l&#8217;inscription est Obligatoire.<\/a><\/p>\r\n<p style=\"text-align: justify;\">Le nombre de place \u00e9tant limit\u00e9, merci de vous inscrire rapidement avant le <strong>23 Septembre 2024<\/strong>.<\/p>\r\n<p style=\"text-align: justify;\">Fabrice Daian\r\nPour le comit\u00e9 de pilotage de ProDev<\/p>","protected":false},"excerpt":{"rendered":"<p>La 8\u00e8me rencontre ProDev aura lieu cette ann\u00e9e le 15 Octobre 2024 et se d\u00e9roulera autour de la th\u00e9matique IA. Cet \u00e9v\u00e8nement aura lieu en simultan\u00e9 sur deux sites proven\u00e7aux [&hellip;]<\/p>\n","protected":false},"author":319,"featured_media":13584,"template":"","meta":{"_acf_changed":false,"_tribe_events_status":"","_tribe_events_status_reason":"","footnotes":""},"tags":[],"tribe_events_cat":[23,7],"class_list":["post-13583","tribe_events","type-tribe_events","status-publish","has-post-thumbnail","hentry","tribe_events_cat-ateliers","tribe_events_cat-seminaires","cat_ateliers","cat_seminaires"],"acf":[],"_links":{"self":[{"href":"https:\/\/www.mio.osupytheas.fr\/fr\/wp-json\/wp\/v2\/tribe_events\/13583","targetHints":{"allow":["GET"]}}],"collection":[{"href":"https:\/\/www.mio.osupytheas.fr\/fr\/wp-json\/wp\/v2\/tribe_events"}],"about":[{"href":"https:\/\/www.mio.osupytheas.fr\/fr\/wp-json\/wp\/v2\/types\/tribe_events"}],"author":[{"embeddable":true,"href":"https:\/\/www.mio.osupytheas.fr\/fr\/wp-json\/wp\/v2\/users\/319"}],"version-history":[{"count":3,"href":"https:\/\/www.mio.osupytheas.fr\/fr\/wp-json\/wp\/v2\/tribe_events\/13583\/revisions"}],"predecessor-version":[{"id":13588,"href":"https:\/\/www.mio.osupytheas.fr\/fr\/wp-json\/wp\/v2\/tribe_events\/13583\/revisions\/13588"}],"wp:featuredmedia":[{"embeddable":true,"href":"https:\/\/www.mio.osupytheas.fr\/fr\/wp-json\/wp\/v2\/media\/13584"}],"wp:attachment":[{"href":"https:\/\/www.mio.osupytheas.fr\/fr\/wp-json\/wp\/v2\/media?parent=13583"}],"wp:term":[{"taxonomy":"post_tag","embeddable":true,"href":"https:\/\/www.mio.osupytheas.fr\/fr\/wp-json\/wp\/v2\/tags?post=13583"},{"taxonomy":"tribe_events_cat","embeddable":true,"href":"https:\/\/www.mio.osupytheas.fr\/fr\/wp-json\/wp\/v2\/tribe_events_cat?post=13583"}],"curies":[{"name":"wp","href":"https:\/\/api.w.org\/{rel}","templated":true}]}}

8ème rencontre ProDev

<p style="text-align: justify;">La <strong>8ème rencontre ProDev</strong> aura lieu cette année le <strong>15 Octobre 2024</strong> et se déroulera autour de la thématique IA.</p>
<p style="text-align: justify;">Cet évènement aura lieu en simultané sur deux sites provençaux : à Marseille au MIO (sur le site de Luminy) et à Aix-en-Provence à la MMSH</p>
<p style="text-align: justify;"><strong>Programme</strong> :</p>

<ul style="text-align: justify;">
 	<li>13h00 : Accueil café</li>
 	<li>Présentation du programme de la demi-journée</li>
 	<li>Introduction à l&#8217;IA (Vincent GUIGES)</li>
 	<li>Retour d&#8217;expérience sur l&#8217;utilisation d&#8217;outils IA pour la bioinformatique (Pierre POULAIN)</li>
 	<li>Pause</li>
 	<li>Devcontainers pour l&#8217;IA (Fabrice DAIAN)</li>
 	<li>Présentation du référentiel pour mesurer et réduire l&#8217;impact environnemental de l&#8217;IA (Gabriel BON)</li>
 	<li>Questions diverses</li>
 	<li>16h15 : FIN</li>
</ul>
<p style="text-align: justify;"><a href="https://questionnaire.lis-lab.fr/index.php/987872?lang=fr" target="_blank" rel="noopener">Cette demi-journée est gratuite mais l&#8217;inscription est Obligatoire.</a></p>
<p style="text-align: justify;">Le nombre de place étant limité, merci de vous inscrire rapidement avant le <strong>23 Septembre 2024</strong>.</p>
<p style="text-align: justify;">Fabrice Daian
Pour le comité de pilotage de ProDev</p>

<p>La 8ème rencontre ProDev aura lieu cette année le 15 Octobre 2024 et se déroulera autour de la thématique IA. Cet évènement aura lieu en simultané sur deux sites provençaux [&hellip;]</p>
