{"id":16086,"date":"2024-10-25T12:46:31","date_gmt":"2024-10-25T10:46:31","guid":{"rendered":"https:\/\/www.mio.osupytheas.fr\/?post_type=tribe_events&#038;p=16086"},"modified":"2024-10-25T12:48:26","modified_gmt":"2024-10-25T10:48:26","slug":"colloque-a-la-croisee-des-chemins-changement-climatique-et-changements-sociaux","status":"publish","type":"tribe_events","link":"https:\/\/www.mio.osupytheas.fr\/fr\/agenda\/colloque-a-la-croisee-des-chemins-changement-climatique-et-changements-sociaux\/","title":{"rendered":"Colloque &#8220;\u00c0 la crois\u00e9e des chemins, changement climatique et changements sociaux&#8221;"},"content":{"rendered":"<p style=\"text-align: justify;\">Le colloque \u00ab <a href=\"https:\/\/centrenorbertelias.cnrs.fr\/je-grecsud-2024\/\" target=\"_blank\" rel=\"noopener\">\u00c0 la crois\u00e9e des chemins, changement climatique et changements sociaux<\/a> \u00bb se tiendra les<strong> 6<\/strong> et<strong> 7 novembre 2024<\/strong> \u00e0 Marseille. Il a pour objectif de mettre en \u00e9vidence les apports des sciences sociales \u00e0 l\u2019\u00e9tude du changement climatique et accompagne la publication d\u2019un nouveau cahier du <a href=\"http:\/\/www.grec-sud.fr\" target=\"_blank\" rel=\"noopener\">Groupe R\u00e9gional d\u2019Experts sur le Climat de la r\u00e9gion Sud<\/a> (GREC-Sud) sur ce th\u00e8me, intitul\u00e9 \u00ab\u00a0<a href=\"https:\/\/centrenorbertelias.cnrs.fr\/cahier_grecsud_shsclimat_2024\/\" target=\"_blank\" rel=\"noopener\">Les soci\u00e9t\u00e9s face aux bouleversements climatiques. Penser ces changements en r\u00e9gion Provence-Alpes-C\u00f4te d\u2019Azur<\/a>\u00a0\u00bb (AIR Climat, novembre 2024).<\/p>\r\n<p style=\"text-align: justify;\">L\u2019\u00e9v\u00e9nement est co-organis\u00e9 par le GREC-Sud, le Centre Norbert Elias (CNRS\/amU\/Avignon Univ.), le laboratoire Interdisciplinaire Environnement Urbanisme (amU) et le laboratoire Population Environnement D\u00e9veloppement (amU\/IRD).<\/p>\r\n<p style=\"text-align: justify;\"><strong>Il est gratuit et ouvert \u00e0 tout public<\/strong>.<\/p>\r\n<p style=\"text-align: justify;\"><strong>Lieu<\/strong> : Salle du Miroir \u2013 La Vieille Charit\u00e9, rez-de-chauss\u00e9e \u2013 2 rue de la Charit\u00e9 \u2013 13002 Marseille<\/p>\r\n<p style=\"text-align: justify;\"><strong>Conditions<\/strong> : en pr\u00e9sence et en distance. Un lien Zoom vous sera envoy\u00e9 la veille du colloque.<\/p>\r\n&nbsp;\r\n<ul>\r\n \t<li style=\"text-align: justify;\"><strong><a href=\"https:\/\/docs.google.com\/forms\/d\/e\/1FAIpQLSc9z4HKpVQ8_Yl_DRRVzgm2YN3gWyfWiAw8tWj4uCjMOX2fRQ\/viewform?usp=sf_link\" target=\"_blank\" rel=\"noopener\">L&#8217;Inscription est obligatoire)<\/a><\/strong><\/li>\r\n<\/ul>","protected":false},"excerpt":{"rendered":"<p>Le colloque \u00ab \u00c0 la crois\u00e9e des chemins, changement climatique et changements sociaux \u00bb se tiendra les 6 et 7 novembre 2024 \u00e0 Marseille. Il a pour objectif de mettre [&hellip;]<\/p>\n","protected":false},"author":319,"featured_media":16087,"template":"","meta":{"_acf_changed":false,"_tribe_events_status":"","_tribe_events_status_reason":"","footnotes":""},"tags":[],"tribe_events_cat":[6,16],"class_list":["post-16086","tribe_events","type-tribe_events","status-publish","has-post-thumbnail","hentry","tribe_events_cat-colloques","tribe_events_cat-evenement","cat_colloques","cat_evenement"],"acf":[],"_links":{"self":[{"href":"https:\/\/www.mio.osupytheas.fr\/fr\/wp-json\/wp\/v2\/tribe_events\/16086","targetHints":{"allow":["GET"]}}],"collection":[{"href":"https:\/\/www.mio.osupytheas.fr\/fr\/wp-json\/wp\/v2\/tribe_events"}],"about":[{"href":"https:\/\/www.mio.osupytheas.fr\/fr\/wp-json\/wp\/v2\/types\/tribe_events"}],"author":[{"embeddable":true,"href":"https:\/\/www.mio.osupytheas.fr\/fr\/wp-json\/wp\/v2\/users\/319"}],"version-history":[{"count":3,"href":"https:\/\/www.mio.osupytheas.fr\/fr\/wp-json\/wp\/v2\/tribe_events\/16086\/revisions"}],"predecessor-version":[{"id":16091,"href":"https:\/\/www.mio.osupytheas.fr\/fr\/wp-json\/wp\/v2\/tribe_events\/16086\/revisions\/16091"}],"wp:featuredmedia":[{"embeddable":true,"href":"https:\/\/www.mio.osupytheas.fr\/fr\/wp-json\/wp\/v2\/media\/16087"}],"wp:attachment":[{"href":"https:\/\/www.mio.osupytheas.fr\/fr\/wp-json\/wp\/v2\/media?parent=16086"}],"wp:term":[{"taxonomy":"post_tag","embeddable":true,"href":"https:\/\/www.mio.osupytheas.fr\/fr\/wp-json\/wp\/v2\/tags?post=16086"},{"taxonomy":"tribe_events_cat","embeddable":true,"href":"https:\/\/www.mio.osupytheas.fr\/fr\/wp-json\/wp\/v2\/tribe_events_cat?post=16086"}],"curies":[{"name":"wp","href":"https:\/\/api.w.org\/{rel}","templated":true}]}}

Colloque &#8220;À la croisée des chemins, changement climatique et changements sociaux&#8221;

<p style="text-align: justify;">Le colloque « <a href="https://centrenorbertelias.cnrs.fr/je-grecsud-2024/" target="_blank" rel="noopener">À la croisée des chemins, changement climatique et changements sociaux</a> » se tiendra les<strong> 6</strong> et<strong> 7 novembre 2024</strong> à Marseille. Il a pour objectif de mettre en évidence les apports des sciences sociales à l’étude du changement climatique et accompagne la publication d’un nouveau cahier du <a href="http://www.grec-sud.fr" target="_blank" rel="noopener">Groupe Régional d’Experts sur le Climat de la région Sud</a> (GREC-Sud) sur ce thème, intitulé « <a href="https://centrenorbertelias.cnrs.fr/cahier_grecsud_shsclimat_2024/" target="_blank" rel="noopener">Les sociétés face aux bouleversements climatiques. Penser ces changements en région Provence-Alpes-Côte d’Azur</a> » (AIR Climat, novembre 2024).</p>
<p style="text-align: justify;">L’événement est co-organisé par le GREC-Sud, le Centre Norbert Elias (CNRS/amU/Avignon Univ.), le laboratoire Interdisciplinaire Environnement Urbanisme (amU) et le laboratoire Population Environnement Développement (amU/IRD).</p>
<p style="text-align: justify;"><strong>Il est gratuit et ouvert à tout public</strong>.</p>
<p style="text-align: justify;"><strong>Lieu</strong> : Salle du Miroir – La Vieille Charité, rez-de-chaussée – 2 rue de la Charité – 13002 Marseille</p>
<p style="text-align: justify;"><strong>Conditions</strong> : en présence et en distance. Un lien Zoom vous sera envoyé la veille du colloque.</p>
&nbsp;
<ul>
 	<li style="text-align: justify;"><strong><a href="https://docs.google.com/forms/d/e/1FAIpQLSc9z4HKpVQ8_Yl_DRRVzgm2YN3gWyfWiAw8tWj4uCjMOX2fRQ/viewform?usp=sf_link" target="_blank" rel="noopener">L&#8217;Inscription est obligatoire)</a></strong></li>
</ul>

<p>Le colloque « À la croisée des chemins, changement climatique et changements sociaux » se tiendra les 6 et 7 novembre 2024 à Marseille. Il a pour objectif de mettre [&hellip;]</p>
