{"id":21073,"date":"2025-03-18T16:37:23","date_gmt":"2025-03-18T15:37:23","guid":{"rendered":"https:\/\/www.mio.osupytheas.fr\/?post_type=tribe_events&#038;p=21073"},"modified":"2025-10-02T23:51:46","modified_gmt":"2025-10-02T21:51:46","slug":"8eme-symposium-sur-la-biotechnologie-et-ingenierie-environnementales","status":"publish","type":"tribe_events","link":"https:\/\/www.mio.osupytheas.fr\/fr\/agenda\/8eme-symposium-sur-la-biotechnologie-et-ingenierie-environnementales\/","title":{"rendered":"8\u00e8me Symposium sur la biotechnologie et l&#8217;ing\u00e9nierie environnementales"},"content":{"rendered":"<p style=\"text-align: justify;\">Le <em>8\u00e8me Symposium sur la biotechnologie et l&#8217;ing\u00e9nierie environnementales<\/em> se tiendra du<strong> 20<\/strong> au <strong>24 octobre 2025<\/strong> \u00e0 Recife, Etat de Pernambuco au Br\u00e9sil. L&#8217;\u00e9v\u00e9nement est ouvert aux chercheurs, aux \u00e9tudiants et aux professionnels des industries ou des administrations publiques int\u00e9ress\u00e9s par les th\u00e8mes du symposium.<\/p>\r\n<p style=\"text-align: justify;\">L&#8217;\u00e9v\u00e9nement se tiendra \u00e0 l&#8217;<strong>Institut de recherche sur le p\u00e9trole et l&#8217;\u00e9nergie (iLITPEG)<\/strong> de l&#8217;Universit\u00e9 f\u00e9d\u00e9rale de Pernambouc (UFPE), \u00e0 Recife.<\/p>\r\n\r\n<h4><strong>Calendrier<\/strong><\/h4>\r\n<ul>\r\n \t<li><strong>15 mars 2025<\/strong> : Ouverture de l&#8217;appel \u00e0 r\u00e9sum\u00e9s<\/li>\r\n \t<li><strong>20 avril 2025<\/strong> : Ouverture de la plateforme de paiement des frais d&#8217;inscription<\/li>\r\n \t<li><strong>20 mai 2025<\/strong> : Notification aux auteurs de l&#8217;approbation de leur soumission<\/li>\r\n \t<li><strong>20 juin 2025<\/strong> : Date limite pour le paiement anticip\u00e9 des frais d&#8217;inscription<\/li>\r\n \t<li><strong>30 juin 2025<\/strong> : Date limite de soumission des r\u00e9sum\u00e9s<\/li>\r\n \t<li><strong>20 septembre 2025<\/strong> : Fermeture de la plateforme de paiement des frais d&#8217;inscription<\/li>\r\n \t<li>20 octobre 2025 : D\u00e9but des activit\u00e9s du symposium<\/li>\r\n<\/ul>\r\n&nbsp;\r\n<h4><a href=\"https:\/\/sites.ufpe.br\/8isebe\/\" target=\"_blank\" rel=\"noopener\"><strong>En savoir plus<\/strong><\/a><\/h4>","protected":false},"excerpt":{"rendered":"<p>Le 8\u00e8me Symposium sur la biotechnologie et l&#8217;ing\u00e9nierie environnementales se tiendra du 20 au 24 octobre 2025 \u00e0 Recife, Etat de Pernambuco au Br\u00e9sil. L&#8217;\u00e9v\u00e9nement est ouvert aux chercheurs, aux [&hellip;]<\/p>\n","protected":false},"author":319,"featured_media":21074,"template":"","meta":{"_acf_changed":false,"_tribe_events_status":"","_tribe_events_status_reason":"","footnotes":""},"tags":[],"tribe_events_cat":[6,16],"class_list":["post-21073","tribe_events","type-tribe_events","status-publish","has-post-thumbnail","hentry","tribe_events_cat-colloques","tribe_events_cat-evenement","cat_colloques","cat_evenement"],"acf":[],"_links":{"self":[{"href":"https:\/\/www.mio.osupytheas.fr\/fr\/wp-json\/wp\/v2\/tribe_events\/21073","targetHints":{"allow":["GET"]}}],"collection":[{"href":"https:\/\/www.mio.osupytheas.fr\/fr\/wp-json\/wp\/v2\/tribe_events"}],"about":[{"href":"https:\/\/www.mio.osupytheas.fr\/fr\/wp-json\/wp\/v2\/types\/tribe_events"}],"author":[{"embeddable":true,"href":"https:\/\/www.mio.osupytheas.fr\/fr\/wp-json\/wp\/v2\/users\/319"}],"version-history":[{"count":6,"href":"https:\/\/www.mio.osupytheas.fr\/fr\/wp-json\/wp\/v2\/tribe_events\/21073\/revisions"}],"predecessor-version":[{"id":22312,"href":"https:\/\/www.mio.osupytheas.fr\/fr\/wp-json\/wp\/v2\/tribe_events\/21073\/revisions\/22312"}],"wp:featuredmedia":[{"embeddable":true,"href":"https:\/\/www.mio.osupytheas.fr\/fr\/wp-json\/wp\/v2\/media\/21074"}],"wp:attachment":[{"href":"https:\/\/www.mio.osupytheas.fr\/fr\/wp-json\/wp\/v2\/media?parent=21073"}],"wp:term":[{"taxonomy":"post_tag","embeddable":true,"href":"https:\/\/www.mio.osupytheas.fr\/fr\/wp-json\/wp\/v2\/tags?post=21073"},{"taxonomy":"tribe_events_cat","embeddable":true,"href":"https:\/\/www.mio.osupytheas.fr\/fr\/wp-json\/wp\/v2\/tribe_events_cat?post=21073"}],"curies":[{"name":"wp","href":"https:\/\/api.w.org\/{rel}","templated":true}]}}

8ème Symposium sur la biotechnologie et l&#8217;ingénierie environnementales

<p style="text-align: justify;">Le <em>8ème Symposium sur la biotechnologie et l&#8217;ingénierie environnementales</em> se tiendra du<strong> 20</strong> au <strong>24 octobre 2025</strong> à Recife, Etat de Pernambuco au Brésil. L&#8217;événement est ouvert aux chercheurs, aux étudiants et aux professionnels des industries ou des administrations publiques intéressés par les thèmes du symposium.</p>
<p style="text-align: justify;">L&#8217;événement se tiendra à l&#8217;<strong>Institut de recherche sur le pétrole et l&#8217;énergie (iLITPEG)</strong> de l&#8217;Université fédérale de Pernambouc (UFPE), à Recife.</p>

<h4><strong>Calendrier</strong></h4>
<ul>
 	<li><strong>15 mars 2025</strong> : Ouverture de l&#8217;appel à résumés</li>
 	<li><strong>20 avril 2025</strong> : Ouverture de la plateforme de paiement des frais d&#8217;inscription</li>
 	<li><strong>20 mai 2025</strong> : Notification aux auteurs de l&#8217;approbation de leur soumission</li>
 	<li><strong>20 juin 2025</strong> : Date limite pour le paiement anticipé des frais d&#8217;inscription</li>
 	<li><strong>30 juin 2025</strong> : Date limite de soumission des résumés</li>
 	<li><strong>20 septembre 2025</strong> : Fermeture de la plateforme de paiement des frais d&#8217;inscription</li>
 	<li>20 octobre 2025 : Début des activités du symposium</li>
</ul>
&nbsp;
<h4><a href="https://sites.ufpe.br/8isebe/" target="_blank" rel="noopener"><strong>En savoir plus</strong></a></h4>

<p>Le 8ème Symposium sur la biotechnologie et l&#8217;ingénierie environnementales se tiendra du 20 au 24 octobre 2025 à Recife, Etat de Pernambuco au Brésil. L&#8217;événement est ouvert aux chercheurs, aux [&hellip;]</p>
