{"id":22722,"date":"2025-05-15T10:16:11","date_gmt":"2025-05-15T08:16:11","guid":{"rendered":"https:\/\/www.mio.osupytheas.fr\/?post_type=tribe_events&#038;p=22722"},"modified":"2025-07-10T23:14:12","modified_gmt":"2025-07-10T21:14:12","slug":"modeles-precliniques-co-construire-une-vision-strategique","status":"publish","type":"tribe_events","link":"https:\/\/www.mio.osupytheas.fr\/fr\/agenda\/modeles-precliniques-co-construire-une-vision-strategique\/","title":{"rendered":"Mod\u00e8les pr\u00e9cliniques : co-construire une vision strat\u00e9gique"},"content":{"rendered":"<p style=\"text-align: justify;\">Amidex et la vice-pr\u00e9sidence recherche vous invitent \u00e0 un apr\u00e8s-midi d&#8217;\u00e9changes d\u00e9di\u00e9 aux mod\u00e8les pr\u00e9cliniques sur le site d&#8217;Aix-Marseille.\r\nUn moment cl\u00e9 pour renforcer les synergies entre chercheurs, ing\u00e9nieurs et acteurs de l&#8217;innovation et d\u00e9finir collectivement la strat\u00e9gie de site.<\/p>\r\n&nbsp;\r\n<h4 style=\"text-align: justify;\"><a href=\"https:\/\/amuform.univ-amu.fr\/formulaire-d-inscription-au-workshop-amidex-modeles-precliniques\" target=\"_blank\" rel=\"noopener\"><strong>S&#8217;inscrire<\/strong><\/a><\/h4>\r\n&nbsp;\r\n<h4 style=\"text-align: justify;\"><strong>Les objectifs<\/strong><\/h4>\r\n<ul>\r\n \t<li style=\"text-align: justify;\">\u00c9tablir un \u00e9tat des lieux des capacit\u00e9s et projets du site<\/li>\r\n \t<li style=\"text-align: justify;\">Identifier les verrous scientifiques et techniques freinant le d\u00e9veloppement des mod\u00e8les pr\u00e9cliniques<\/li>\r\n \t<li style=\"text-align: justify;\">Prioriser les besoins en fonction de leur impact et de leur faisabilit\u00e9<\/li>\r\n \t<li style=\"text-align: justify;\">Construire un programme collectif autour d&#8217;une vision partag\u00e9e<\/li>\r\n<\/ul>\r\n&nbsp;\r\n<h4 style=\"text-align: justify;\"><strong>Au programme<\/strong><\/h4>\r\n<p style=\"text-align: justify;\">Pr\u00e9sentation du projet ICCT \u2013 Innovation Center for Clinical twins\r\nAteliers de r\u00e9flexion autour des :<\/p>\r\n\r\n<ul>\r\n \t<li style=\"text-align: justify;\">Mod\u00e8les pr\u00e9cliniques in vivo<\/li>\r\n \t<li style=\"text-align: justify;\">Mod\u00e8les pr\u00e9cliniques in vitro<\/li>\r\n \t<li style=\"text-align: justify;\">Mod\u00e8les pr\u00e9cliniques in silico<\/li>\r\n \t<li style=\"text-align: justify;\">Optimisations des interactions entre les diff\u00e9rents mod\u00e8les<\/li>\r\n \t<li style=\"text-align: justify;\">Strat\u00e9gies de valorisation, humanisation et biotechnologies<\/li>\r\n<\/ul>","protected":false},"excerpt":{"rendered":"<p>Amidex et la vice-pr\u00e9sidence recherche vous invitent \u00e0 un apr\u00e8s-midi d&#8217;\u00e9changes d\u00e9di\u00e9 aux mod\u00e8les pr\u00e9cliniques sur le site d&#8217;Aix-Marseille. Un moment cl\u00e9 pour renforcer les synergies entre chercheurs, ing\u00e9nieurs et [&hellip;]<\/p>\n","protected":false},"author":319,"featured_media":22723,"template":"","meta":{"_acf_changed":false,"_tribe_events_status":"","_tribe_events_status_reason":"","footnotes":""},"tags":[],"tribe_events_cat":[23,16],"class_list":["post-22722","tribe_events","type-tribe_events","status-publish","has-post-thumbnail","hentry","tribe_events_cat-ateliers","tribe_events_cat-evenement","cat_ateliers","cat_evenement"],"acf":[],"_links":{"self":[{"href":"https:\/\/www.mio.osupytheas.fr\/fr\/wp-json\/wp\/v2\/tribe_events\/22722","targetHints":{"allow":["GET"]}}],"collection":[{"href":"https:\/\/www.mio.osupytheas.fr\/fr\/wp-json\/wp\/v2\/tribe_events"}],"about":[{"href":"https:\/\/www.mio.osupytheas.fr\/fr\/wp-json\/wp\/v2\/types\/tribe_events"}],"author":[{"embeddable":true,"href":"https:\/\/www.mio.osupytheas.fr\/fr\/wp-json\/wp\/v2\/users\/319"}],"version-history":[{"count":1,"href":"https:\/\/www.mio.osupytheas.fr\/fr\/wp-json\/wp\/v2\/tribe_events\/22722\/revisions"}],"predecessor-version":[{"id":22724,"href":"https:\/\/www.mio.osupytheas.fr\/fr\/wp-json\/wp\/v2\/tribe_events\/22722\/revisions\/22724"}],"wp:featuredmedia":[{"embeddable":true,"href":"https:\/\/www.mio.osupytheas.fr\/fr\/wp-json\/wp\/v2\/media\/22723"}],"wp:attachment":[{"href":"https:\/\/www.mio.osupytheas.fr\/fr\/wp-json\/wp\/v2\/media?parent=22722"}],"wp:term":[{"taxonomy":"post_tag","embeddable":true,"href":"https:\/\/www.mio.osupytheas.fr\/fr\/wp-json\/wp\/v2\/tags?post=22722"},{"taxonomy":"tribe_events_cat","embeddable":true,"href":"https:\/\/www.mio.osupytheas.fr\/fr\/wp-json\/wp\/v2\/tribe_events_cat?post=22722"}],"curies":[{"name":"wp","href":"https:\/\/api.w.org\/{rel}","templated":true}]}}

Modèles précliniques : co-construire une vision stratégique

<p style="text-align: justify;">Amidex et la vice-présidence recherche vous invitent à un après-midi d&#8217;échanges dédié aux modèles précliniques sur le site d&#8217;Aix-Marseille.
Un moment clé pour renforcer les synergies entre chercheurs, ingénieurs et acteurs de l&#8217;innovation et définir collectivement la stratégie de site.</p>
&nbsp;
<h4 style="text-align: justify;"><a href="https://amuform.univ-amu.fr/formulaire-d-inscription-au-workshop-amidex-modeles-precliniques" target="_blank" rel="noopener"><strong>S&#8217;inscrire</strong></a></h4>
&nbsp;
<h4 style="text-align: justify;"><strong>Les objectifs</strong></h4>
<ul>
 	<li style="text-align: justify;">Établir un état des lieux des capacités et projets du site</li>
 	<li style="text-align: justify;">Identifier les verrous scientifiques et techniques freinant le développement des modèles précliniques</li>
 	<li style="text-align: justify;">Prioriser les besoins en fonction de leur impact et de leur faisabilité</li>
 	<li style="text-align: justify;">Construire un programme collectif autour d&#8217;une vision partagée</li>
</ul>
&nbsp;
<h4 style="text-align: justify;"><strong>Au programme</strong></h4>
<p style="text-align: justify;">Présentation du projet ICCT – Innovation Center for Clinical twins
Ateliers de réflexion autour des :</p>

<ul>
 	<li style="text-align: justify;">Modèles précliniques in vivo</li>
 	<li style="text-align: justify;">Modèles précliniques in vitro</li>
 	<li style="text-align: justify;">Modèles précliniques in silico</li>
 	<li style="text-align: justify;">Optimisations des interactions entre les différents modèles</li>
 	<li style="text-align: justify;">Stratégies de valorisation, humanisation et biotechnologies</li>
</ul>

<p>Amidex et la vice-présidence recherche vous invitent à un après-midi d&#8217;échanges dédié aux modèles précliniques sur le site d&#8217;Aix-Marseille. Un moment clé pour renforcer les synergies entre chercheurs, ingénieurs et [&hellip;]</p>
