{"id":23864,"date":"2025-11-07T14:43:06","date_gmt":"2025-11-07T13:43:06","guid":{"rendered":"https:\/\/www.mio.osupytheas.fr\/?post_type=tribe_events&#038;p=23864"},"modified":"2025-11-07T14:45:21","modified_gmt":"2025-11-07T13:45:21","slug":"les-rencontres-de-leconomie-bleue","status":"publish","type":"tribe_events","link":"https:\/\/www.mio.osupytheas.fr\/fr\/agenda\/les-rencontres-de-leconomie-bleue\/","title":{"rendered":"Les Rencontres de l\u2019\u00c9conomie Bleue"},"content":{"rendered":"<p style=\"text-align: justify;\">Cette ann\u00e9e, l\u2019Institut Oc\u00e9an organise pour la premi\u00e8re fois les Rencontres de l\u2019\u00c9conomie Bleu !\r\nCet \u00e9v\u00e8nement, qui aura lieu le <strong>19 janvier 2026 <\/strong>au Palais du Pharo \u00e0 Marseille, aura pour but de r\u00e9unir les acteurs du monde socio-\u00e9conomique et acad\u00e9mique autour des grand enjeux maritimes, et de promouvoir la collaboration entre ces deux mondes.<\/p>\r\n<p style=\"text-align: justify;\">Conf\u00e9rences, Stands, Tables rondes th\u00e9matiques, Moments d\u2019\u00e9changes : Une journ\u00e9e pour croiser les regards, partager les innovations et imaginer ensemble un avenir maritime plus durable.<\/p>\r\n&nbsp;\r\n<h4><a href=\"https:\/\/docs.google.com\/forms\/d\/e\/1FAIpQLSdTcwrh5vivuD7J_w_39BMltlALCiccq6mmpJ8jRFSnZl6w5w\/viewform\" target=\"_blank\" rel=\"noopener\"><strong>S&#8217;inscrire<\/strong><\/a><\/h4>","protected":false},"excerpt":{"rendered":"<p>Cette ann\u00e9e, l\u2019Institut Oc\u00e9an organise pour la premi\u00e8re fois les Rencontres de l\u2019\u00c9conomie Bleu ! Cet \u00e9v\u00e8nement, qui aura lieu le 19 janvier 2026 au Palais du Pharo \u00e0 Marseille, [&hellip;]<\/p>\n","protected":false},"author":319,"featured_media":23865,"template":"","meta":{"_acf_changed":false,"_tribe_events_status":"","_tribe_events_status_reason":"","footnotes":""},"tags":[],"tribe_events_cat":[22,16,42],"class_list":["post-23864","tribe_events","type-tribe_events","status-publish","has-post-thumbnail","hentry","tribe_events_cat-conferences","tribe_events_cat-evenement","tribe_events_cat-table-ronde","cat_conferences","cat_evenement","cat_table-ronde"],"acf":[],"_links":{"self":[{"href":"https:\/\/www.mio.osupytheas.fr\/fr\/wp-json\/wp\/v2\/tribe_events\/23864","targetHints":{"allow":["GET"]}}],"collection":[{"href":"https:\/\/www.mio.osupytheas.fr\/fr\/wp-json\/wp\/v2\/tribe_events"}],"about":[{"href":"https:\/\/www.mio.osupytheas.fr\/fr\/wp-json\/wp\/v2\/types\/tribe_events"}],"author":[{"embeddable":true,"href":"https:\/\/www.mio.osupytheas.fr\/fr\/wp-json\/wp\/v2\/users\/319"}],"version-history":[{"count":4,"href":"https:\/\/www.mio.osupytheas.fr\/fr\/wp-json\/wp\/v2\/tribe_events\/23864\/revisions"}],"predecessor-version":[{"id":23867,"href":"https:\/\/www.mio.osupytheas.fr\/fr\/wp-json\/wp\/v2\/tribe_events\/23864\/revisions\/23867"}],"wp:featuredmedia":[{"embeddable":true,"href":"https:\/\/www.mio.osupytheas.fr\/fr\/wp-json\/wp\/v2\/media\/23865"}],"wp:attachment":[{"href":"https:\/\/www.mio.osupytheas.fr\/fr\/wp-json\/wp\/v2\/media?parent=23864"}],"wp:term":[{"taxonomy":"post_tag","embeddable":true,"href":"https:\/\/www.mio.osupytheas.fr\/fr\/wp-json\/wp\/v2\/tags?post=23864"},{"taxonomy":"tribe_events_cat","embeddable":true,"href":"https:\/\/www.mio.osupytheas.fr\/fr\/wp-json\/wp\/v2\/tribe_events_cat?post=23864"}],"curies":[{"name":"wp","href":"https:\/\/api.w.org\/{rel}","templated":true}]}}

Les Rencontres de l’Économie Bleue

<p style="text-align: justify;">Cette année, l’Institut Océan organise pour la première fois les Rencontres de l’Économie Bleu !
Cet évènement, qui aura lieu le <strong>19 janvier 2026 </strong>au Palais du Pharo à Marseille, aura pour but de réunir les acteurs du monde socio-économique et académique autour des grand enjeux maritimes, et de promouvoir la collaboration entre ces deux mondes.</p>
<p style="text-align: justify;">Conférences, Stands, Tables rondes thématiques, Moments d’échanges : Une journée pour croiser les regards, partager les innovations et imaginer ensemble un avenir maritime plus durable.</p>
&nbsp;
<h4><a href="https://docs.google.com/forms/d/e/1FAIpQLSdTcwrh5vivuD7J_w_39BMltlALCiccq6mmpJ8jRFSnZl6w5w/viewform" target="_blank" rel="noopener"><strong>S&#8217;inscrire</strong></a></h4>

<p>Cette année, l’Institut Océan organise pour la première fois les Rencontres de l’Économie Bleu ! Cet évènement, qui aura lieu le 19 janvier 2026 au Palais du Pharo à Marseille, [&hellip;]</p>
