{"id":25140,"date":"2025-11-12T19:14:03","date_gmt":"2025-11-12T18:14:03","guid":{"rendered":"https:\/\/www.mio.osupytheas.fr\/?post_type=tribe_events&#038;p=25140"},"modified":"2026-02-23T07:23:44","modified_gmt":"2026-02-23T06:23:44","slug":"ird-webinaire-jeai-2026","status":"publish","type":"tribe_events","link":"https:\/\/www.mio.osupytheas.fr\/fr\/agenda\/ird-webinaire-jeai-2026\/","title":{"rendered":"IRD &#8211; Webinaire JEAI 2026 &#8211; 18 F\u00e9vrier 2026"},"content":{"rendered":"<p style=\"text-align: justify;\">Le D\u00e9partement OCEANS, Climat &amp; Ressources souhaite renforcer l&#8217;accompagnement des jeunes chercheurs de l&#8217;IRD ainsi que leurs partenaires des Suds en leur fournissant une meilleure connaissance des outils et dispositifs disponibles au sein de l&#8217;Institut.<\/p>\r\n<p style=\"text-align: justify;\">Dans cette optique, une r\u00e9union virtuelle d&#8217;information et d&#8217;\u00e9change sera organis\u00e9e pour pr\u00e9senter le programme des Jeunes \u00c9quipes Associ\u00e9es \u00e0 l&#8217;IRD (JEAI). Elle vise prioritairement les jeunes chercheur.e.s li\u00e9.e.s aux Unit\u00e9s du D\u00e9partement, mais est ouverte aux chercheur.e.s des autres D\u00e9partements int\u00e9ress\u00e9.e.s par des projets ayant une dimension &#8220;oc\u00e9ano&#8221;.<\/p>\r\n<p style=\"text-align: justify;\">Les coll\u00e8gues de l&#8217;IRD qui sont int\u00e9ress\u00e9.e.s peuvent se sentir libres d&#8217;inviter leurs partenaires des Suds.<\/p>\r\n<p style=\"text-align: justify;\">Cette r\u00e9union virtuelle se d\u00e9roulera, en fran\u00e7ais, le <strong>mercredi 18 F\u00e9vrier 2026<\/strong> de 14h00 et 16h00 (heure de Paris).<\/p>\r\n&nbsp;\r\n<h4 style=\"text-align: justify;\"><a href=\"https:\/\/docs.google.com\/forms\/d\/e\/1FAIpQLSfr9udwQBTTKhuL9Ok0hPhGHopJmHtoZKZDo7f5f7PxJQ4oHw\/viewform\" target=\"_blank\" rel=\"noopener\"><strong>Formulaire d&#8217;inscription<\/strong><\/a><\/h4>\r\n&nbsp;\r\n<h4 style=\"text-align: justify;\"><strong>Programme<\/strong><\/h4>\r\n<ul style=\"text-align: justify;\">\r\n \t<li style=\"text-align: justify;\">Accueil (Direction du d\u00e9partement Oc\u00e9ans)<\/li>\r\n \t<li style=\"text-align: justify;\">Pr\u00e9sentation du programme JEAI (fonctionnement, objectifs, contacts, chiffres-cl\u00e9s, termes de r\u00e9f\u00e9rence de l&#8217;appel \u00e0 projets) &#8211; Amel Djaffar, Charg\u00e9e de Mission MAPS pour le D\u00e9partement Soci\u00e9t\u00e9s et la coordination des JEAI<\/li>\r\n \t<li style=\"text-align: justify;\">Retour d&#8217;exp\u00e9rience en lien avec d&#8217;anciens porteurs JEAI [Leaders du Sud et\/ou leurs correspondant.e.s IRD]<\/li>\r\n \t<li style=\"text-align: justify;\">Questions\/R\u00e9ponses avec la Salle<\/li>\r\n<\/ul>\r\n<img fetchpriority=\"high\" decoding=\"async\" class=\"aligncenter wp-image-25142 size-full\" src=\"https:\/\/www.mio.osupytheas.fr\/wp-content\/uploads\/2026\/02\/FR-flyer-2026-JEAI_page-0001.jpg\" alt=\"\" width=\"1241\" height=\"1754\" srcset=\"https:\/\/www.mio.osupytheas.fr\/wp-content\/uploads\/2026\/02\/FR-flyer-2026-JEAI_page-0001.jpg 1241w, https:\/\/www.mio.osupytheas.fr\/wp-content\/uploads\/2026\/02\/FR-flyer-2026-JEAI_page-0001-212x300.jpg 212w, https:\/\/www.mio.osupytheas.fr\/wp-content\/uploads\/2026\/02\/FR-flyer-2026-JEAI_page-0001-725x1024.jpg 725w, https:\/\/www.mio.osupytheas.fr\/wp-content\/uploads\/2026\/02\/FR-flyer-2026-JEAI_page-0001-768x1085.jpg 768w, https:\/\/www.mio.osupytheas.fr\/wp-content\/uploads\/2026\/02\/FR-flyer-2026-JEAI_page-0001-1087x1536.jpg 1087w, https:\/\/www.mio.osupytheas.fr\/wp-content\/uploads\/2026\/02\/FR-flyer-2026-JEAI_page-0001-8x12.jpg 8w\" sizes=\"(max-width: 1241px) 100vw, 1241px\" \/>","protected":false},"excerpt":{"rendered":"<p>Le D\u00e9partement OCEANS, Climat &amp; Ressources souhaite renforcer l&#8217;accompagnement des jeunes chercheurs de l&#8217;IRD ainsi que leurs partenaires des Suds en leur fournissant une meilleure connaissance des outils et dispositifs [&hellip;]<\/p>\n","protected":false},"author":319,"featured_media":4489,"template":"","meta":{"_acf_changed":false,"_tribe_events_status":"","_tribe_events_status_reason":"","footnotes":""},"tags":[],"tribe_events_cat":[30],"class_list":["post-25140","tribe_events","type-tribe_events","status-publish","has-post-thumbnail","hentry","tribe_events_cat-webinaires","cat_webinaires"],"acf":[],"_links":{"self":[{"href":"https:\/\/www.mio.osupytheas.fr\/fr\/wp-json\/wp\/v2\/tribe_events\/25140","targetHints":{"allow":["GET"]}}],"collection":[{"href":"https:\/\/www.mio.osupytheas.fr\/fr\/wp-json\/wp\/v2\/tribe_events"}],"about":[{"href":"https:\/\/www.mio.osupytheas.fr\/fr\/wp-json\/wp\/v2\/types\/tribe_events"}],"author":[{"embeddable":true,"href":"https:\/\/www.mio.osupytheas.fr\/fr\/wp-json\/wp\/v2\/users\/319"}],"version-history":[{"count":7,"href":"https:\/\/www.mio.osupytheas.fr\/fr\/wp-json\/wp\/v2\/tribe_events\/25140\/revisions"}],"predecessor-version":[{"id":25152,"href":"https:\/\/www.mio.osupytheas.fr\/fr\/wp-json\/wp\/v2\/tribe_events\/25140\/revisions\/25152"}],"wp:featuredmedia":[{"embeddable":true,"href":"https:\/\/www.mio.osupytheas.fr\/fr\/wp-json\/wp\/v2\/media\/4489"}],"wp:attachment":[{"href":"https:\/\/www.mio.osupytheas.fr\/fr\/wp-json\/wp\/v2\/media?parent=25140"}],"wp:term":[{"taxonomy":"post_tag","embeddable":true,"href":"https:\/\/www.mio.osupytheas.fr\/fr\/wp-json\/wp\/v2\/tags?post=25140"},{"taxonomy":"tribe_events_cat","embeddable":true,"href":"https:\/\/www.mio.osupytheas.fr\/fr\/wp-json\/wp\/v2\/tribe_events_cat?post=25140"}],"curies":[{"name":"wp","href":"https:\/\/api.w.org\/{rel}","templated":true}]}}

IRD &#8211; Webinaire JEAI 2026 &#8211; 18 Février 2026

<p style="text-align: justify;">Le Département OCEANS, Climat &amp; Ressources souhaite renforcer l&#8217;accompagnement des jeunes chercheurs de l&#8217;IRD ainsi que leurs partenaires des Suds en leur fournissant une meilleure connaissance des outils et dispositifs disponibles au sein de l&#8217;Institut.</p>
<p style="text-align: justify;">Dans cette optique, une réunion virtuelle d&#8217;information et d&#8217;échange sera organisée pour présenter le programme des Jeunes Équipes Associées à l&#8217;IRD (JEAI). Elle vise prioritairement les jeunes chercheur.e.s lié.e.s aux Unités du Département, mais est ouverte aux chercheur.e.s des autres Départements intéressé.e.s par des projets ayant une dimension &#8220;océano&#8221;.</p>
<p style="text-align: justify;">Les collègues de l&#8217;IRD qui sont intéressé.e.s peuvent se sentir libres d&#8217;inviter leurs partenaires des Suds.</p>
<p style="text-align: justify;">Cette réunion virtuelle se déroulera, en français, le <strong>mercredi 18 Février 2026</strong> de 14h00 et 16h00 (heure de Paris).</p>
&nbsp;
<h4 style="text-align: justify;"><a href="https://docs.google.com/forms/d/e/1FAIpQLSfr9udwQBTTKhuL9Ok0hPhGHopJmHtoZKZDo7f5f7PxJQ4oHw/viewform" target="_blank" rel="noopener"><strong>Formulaire d&#8217;inscription</strong></a></h4>
&nbsp;
<h4 style="text-align: justify;"><strong>Programme</strong></h4>
<ul style="text-align: justify;">
 	<li style="text-align: justify;">Accueil (Direction du département Océans)</li>
 	<li style="text-align: justify;">Présentation du programme JEAI (fonctionnement, objectifs, contacts, chiffres-clés, termes de référence de l&#8217;appel à projets) &#8211; Amel Djaffar, Chargée de Mission MAPS pour le Département Sociétés et la coordination des JEAI</li>
 	<li style="text-align: justify;">Retour d&#8217;expérience en lien avec d&#8217;anciens porteurs JEAI [Leaders du Sud et/ou leurs correspondant.e.s IRD]</li>
 	<li style="text-align: justify;">Questions/Réponses avec la Salle</li>
</ul>
<img fetchpriority="high" decoding="async" class="aligncenter wp-image-25142 size-full" src="https://www.mio.osupytheas.fr/wp-content/uploads/2026/02/FR-flyer-2026-JEAI_page-0001.jpg" alt="" width="1241" height="1754" srcset="https://www.mio.osupytheas.fr/wp-content/uploads/2026/02/FR-flyer-2026-JEAI_page-0001.jpg 1241w, https://www.mio.osupytheas.fr/wp-content/uploads/2026/02/FR-flyer-2026-JEAI_page-0001-212x300.jpg 212w, https://www.mio.osupytheas.fr/wp-content/uploads/2026/02/FR-flyer-2026-JEAI_page-0001-725x1024.jpg 725w, https://www.mio.osupytheas.fr/wp-content/uploads/2026/02/FR-flyer-2026-JEAI_page-0001-768x1085.jpg 768w, https://www.mio.osupytheas.fr/wp-content/uploads/2026/02/FR-flyer-2026-JEAI_page-0001-1087x1536.jpg 1087w, https://www.mio.osupytheas.fr/wp-content/uploads/2026/02/FR-flyer-2026-JEAI_page-0001-8x12.jpg 8w" sizes="(max-width: 1241px) 100vw, 1241px" />

<p>Le Département OCEANS, Climat &amp; Ressources souhaite renforcer l&#8217;accompagnement des jeunes chercheurs de l&#8217;IRD ainsi que leurs partenaires des Suds en leur fournissant une meilleure connaissance des outils et dispositifs [&hellip;]</p>
