{"id":26123,"date":"2026-04-30T13:57:56","date_gmt":"2026-04-30T11:57:56","guid":{"rendered":"https:\/\/www.mio.osupytheas.fr\/?post_type=tribe_events&#038;p=26123"},"modified":"2026-04-30T15:10:50","modified_gmt":"2026-04-30T13:10:50","slug":"film-mare-sapiens","status":"publish","type":"tribe_events","link":"https:\/\/www.mio.osupytheas.fr\/fr\/agenda\/film-mare-sapiens\/","title":{"rendered":"Film &#8211; Mare Sapiens"},"content":{"rendered":"<p style=\"text-align: justify;\"><em>Mare Sapiens<\/em> sera diffus\u00e9 au<a href=\"https:\/\/www.comitedufilmethnographique.com\/\" target=\"_blank\" rel=\"noopener\"> Festival international Jean Rouch<\/a>, au Mus\u00e9e du Quai Branly &#8211; Jacques-Chirac, \u00e0 Paris, le <strong>8 mai 2026<\/strong> \u00e0 11h00.<\/p>\r\n<p style=\"text-align: justify;\">Un film d&#8217;Aur\u00e9lie Darbouret (France), Jeff Daniel Silva (Etats-Unis), Film\u00e9 enti\u00e8rement sous l\u2019eau avec la lumi\u00e8re naturelle et le son ambiant, <em>Mare Sapiens<\/em> propose une travers\u00e9e de la baie de Marseille comme un espace o\u00f9 cohabitent formes vivantes, infrastructures et machines. Ni documentaire scientifique, ni \u00e9l\u00e9gie environnementale, Mare Sapiens occupe un espace entre la recherche et le cin\u00e9ma.<\/p>\r\n<p style=\"text-align: justify;\"><strong>Aur\u00e9lie Darbouret<\/strong> est autrice et doctorante en anthropologie au Laboratoire d\u2019anthropologie sociale (LAS) et \u00e0 l\u2019Institut m\u00e9diterran\u00e9en d\u2019oc\u00e9anologie (MIO) o\u00f9 elle m\u00e8ne une th\u00e8se sur les perceptions, repr\u00e9sentations, mat\u00e9rialit\u00e9s et imaginaires du monde marin. \u00c0 travers ses travaux, elle exp\u00e9rimente des formes alternatives d\u2019\u00e9criture en sciences sociales, d\u00e9veloppant des objets hybrides m\u00ealant r\u00e9cits textuels, visuels et sonores, ainsi que des expositions multimodales et ateliers publics. Auparavant, elle a contribu\u00e9 \u00e0 des \u0153uvres litt\u00e9raires, installations mus\u00e9ales et cr\u00e9ations sonores. <em>Mare Sapiens<\/em>\u00a0est son premier film.<\/p>\r\n<p style=\"text-align: justify;\"><strong>Jeff Silva<\/strong> est artiste, cin\u00e9aste et anthropologue dont l\u2019\u0153uvre fait le pont entre pratique cr\u00e9ative et recherche acad\u00e9mique. Docteur en anthropologie sociale de l\u2019EHESS, il est chercheur postdoctoral sur le projet A*Midex ANFAA (Formes narratives alternatives en anthropologie audiovisuelle) \u00e0 Aix-Marseille Universit\u00e9\/IDEAS, et membre de La Fabrique des \u00c9critures Ethnographiques (MMSH\/CNRS). Ses travaux croisent ethnographie, cin\u00e9ma et son pour explorer les impacts humains et \u00e9cologiques des conflits, du changement climatique et de l\u2019industrialisation. Ses films incluent Balkan Rhapsodies: 78 Measures of War (2008), Ivan &amp; Ivana (2011), Linefork (2016), L\u00e0 o\u00f9 la terre (2018) et The Order of Things (2022), pr\u00e9sent\u00e9s internationalement au MoMA, Visions du R\u00e9el et \u00e0 la Viennale. Ses recherches actuelles s\u2019\u00e9tendent \u00e0 l\u2019ethnographie sonore et aux projets collaboratifs explorant les relations changeantes entre humains et environnements.<\/p>\r\n\r\n<h4 style=\"text-align: justify;\"><a href=\"https:\/\/www.comitedufilmethnographique.com\/oeuvre\/mare-sapiens\/\" target=\"_blank\" rel=\"noopener\"><strong>En savoir plus<\/strong><\/a><\/h4>","protected":false},"excerpt":{"rendered":"<p>Mare Sapiens sera diffus\u00e9 au Festival international Jean Rouch, au Mus\u00e9e du Quai Branly &#8211; Jacques-Chirac, \u00e0 Paris, le 8 mai 2026 \u00e0 11h00. Un film d&#8217;Aur\u00e9lie Darbouret (France), Jeff [&hellip;]<\/p>\n","protected":false},"author":319,"featured_media":26156,"template":"","meta":{"_acf_changed":false,"_tribe_events_status":"","_tribe_events_status_reason":"","footnotes":""},"tags":[],"tribe_events_cat":[16,38],"class_list":["post-26123","tribe_events","type-tribe_events","status-publish","has-post-thumbnail","hentry","tribe_events_cat-evenement","tribe_events_cat-mediation-scientifique","cat_evenement","cat_mediation-scientifique"],"acf":[],"_links":{"self":[{"href":"https:\/\/www.mio.osupytheas.fr\/fr\/wp-json\/wp\/v2\/tribe_events\/26123","targetHints":{"allow":["GET"]}}],"collection":[{"href":"https:\/\/www.mio.osupytheas.fr\/fr\/wp-json\/wp\/v2\/tribe_events"}],"about":[{"href":"https:\/\/www.mio.osupytheas.fr\/fr\/wp-json\/wp\/v2\/types\/tribe_events"}],"author":[{"embeddable":true,"href":"https:\/\/www.mio.osupytheas.fr\/fr\/wp-json\/wp\/v2\/users\/319"}],"version-history":[{"count":2,"href":"https:\/\/www.mio.osupytheas.fr\/fr\/wp-json\/wp\/v2\/tribe_events\/26123\/revisions"}],"predecessor-version":[{"id":26160,"href":"https:\/\/www.mio.osupytheas.fr\/fr\/wp-json\/wp\/v2\/tribe_events\/26123\/revisions\/26160"}],"wp:featuredmedia":[{"embeddable":true,"href":"https:\/\/www.mio.osupytheas.fr\/fr\/wp-json\/wp\/v2\/media\/26156"}],"wp:attachment":[{"href":"https:\/\/www.mio.osupytheas.fr\/fr\/wp-json\/wp\/v2\/media?parent=26123"}],"wp:term":[{"taxonomy":"post_tag","embeddable":true,"href":"https:\/\/www.mio.osupytheas.fr\/fr\/wp-json\/wp\/v2\/tags?post=26123"},{"taxonomy":"tribe_events_cat","embeddable":true,"href":"https:\/\/www.mio.osupytheas.fr\/fr\/wp-json\/wp\/v2\/tribe_events_cat?post=26123"}],"curies":[{"name":"wp","href":"https:\/\/api.w.org\/{rel}","templated":true}]}}

<p style="text-align: justify;"><em>Mare Sapiens</em> sera diffusé au<a href="https://www.comitedufilmethnographique.com/" target="_blank" rel="noopener"> Festival international Jean Rouch</a>, au Musée du Quai Branly &#8211; Jacques-Chirac, à Paris, le <strong>8 mai 2026</strong> à 11h00.</p>
<p style="text-align: justify;">Un film d&#8217;Aurélie Darbouret (France), Jeff Daniel Silva (Etats-Unis), Filmé entièrement sous l’eau avec la lumière naturelle et le son ambiant, <em>Mare Sapiens</em> propose une traversée de la baie de Marseille comme un espace où cohabitent formes vivantes, infrastructures et machines. Ni documentaire scientifique, ni élégie environnementale, Mare Sapiens occupe un espace entre la recherche et le cinéma.</p>
<p style="text-align: justify;"><strong>Aurélie Darbouret</strong> est autrice et doctorante en anthropologie au Laboratoire d’anthropologie sociale (LAS) et à l’Institut méditerranéen d’océanologie (MIO) où elle mène une thèse sur les perceptions, représentations, matérialités et imaginaires du monde marin. À travers ses travaux, elle expérimente des formes alternatives d’écriture en sciences sociales, développant des objets hybrides mêlant récits textuels, visuels et sonores, ainsi que des expositions multimodales et ateliers publics. Auparavant, elle a contribué à des œuvres littéraires, installations muséales et créations sonores. <em>Mare Sapiens</em> est son premier film.</p>
<p style="text-align: justify;"><strong>Jeff Silva</strong> est artiste, cinéaste et anthropologue dont l’œuvre fait le pont entre pratique créative et recherche académique. Docteur en anthropologie sociale de l’EHESS, il est chercheur postdoctoral sur le projet A*Midex ANFAA (Formes narratives alternatives en anthropologie audiovisuelle) à Aix-Marseille Université/IDEAS, et membre de La Fabrique des Écritures Ethnographiques (MMSH/CNRS). Ses travaux croisent ethnographie, cinéma et son pour explorer les impacts humains et écologiques des conflits, du changement climatique et de l’industrialisation. Ses films incluent Balkan Rhapsodies: 78 Measures of War (2008), Ivan &amp; Ivana (2011), Linefork (2016), Là où la terre (2018) et The Order of Things (2022), présentés internationalement au MoMA, Visions du Réel et à la Viennale. Ses recherches actuelles s’étendent à l’ethnographie sonore et aux projets collaboratifs explorant les relations changeantes entre humains et environnements.</p>

<h4 style="text-align: justify;"><a href="https://www.comitedufilmethnographique.com/oeuvre/mare-sapiens/" target="_blank" rel="noopener"><strong>En savoir plus</strong></a></h4>

<p>Mare Sapiens sera diffusé au Festival international Jean Rouch, au Musée du Quai Branly &#8211; Jacques-Chirac, à Paris, le 8 mai 2026 à 11h00. Un film d&#8217;Aurélie Darbouret (France), Jeff [&hellip;]</p>
