{"id":8274,"date":"2024-07-25T17:31:42","date_gmt":"2024-07-25T15:31:42","guid":{"rendered":"https:\/\/www.mio.osupytheas.fr\/?post_type=tribe_events&#038;p=8274"},"modified":"2024-09-05T15:06:54","modified_gmt":"2024-09-05T13:06:54","slug":"colloque-merigeo-de-locean-a-la-cote-linformation-geographique-en-mouvement","status":"publish","type":"tribe_events","link":"https:\/\/www.mio.osupytheas.fr\/fr\/agenda\/colloque-merigeo-de-locean-a-la-cote-linformation-geographique-en-mouvement\/","title":{"rendered":"Colloque merIG\u00e9o &#8211; De l&#8217;oc\u00e9an \u00e0 la c\u00f4te : l\u2019information g\u00e9ographique en mouvement"},"content":{"rendered":"<p style=\"text-align: justify;\">Le colloque merIG\u00e9o rassemble, tous les deux ans, une communaut\u00e9 d\u2019acteurs de la g\u00e9omatique (\u00e9tablissements publics, organismes de recherche, laboratoires universitaires, services de l&#8217;\u00c9tat, collectivit\u00e9s territoriales, bureaux d\u2019\u00e9tude, associations, etc.) autour d\u2019une probl\u00e9matique commune : l\u2019\u00e9tude et la gestion de la mer et de l\u2019oc\u00e9an, du littoral aux grands fonds.<\/p>\r\n<p style=\"text-align: justify;\">Les organisateurs, Ifremer, OFB et Shom, ont choisi d\u2019organiser cette nouvelle \u00e9dition du <strong>18<\/strong> au <strong>20 mars 2025<\/strong> au centre Ifremer de Nantes, en collaboration avec les enseignants et \u00e9tudiants de l\u2019IGARUN de Nantes Universit\u00e9.<\/p>\r\n<p style=\"text-align: justify;\">Venez communiquer durant l&#8217;\u00e9v\u00e9nement en soumettant une communication orale ou un poster avant le <strong>31 octobre 2024.<\/strong><\/p>\r\n&nbsp;\r\n<h4 style=\"text-align: justify;\"><a href=\"https:\/\/www.merigeo.fr\/\" target=\"_blank\" rel=\"noopener\">En savoir plus<\/a><\/h4>","protected":false},"excerpt":{"rendered":"<p>Le colloque merIG\u00e9o rassemble, tous les deux ans, une communaut\u00e9 d\u2019acteurs de la g\u00e9omatique (\u00e9tablissements publics, organismes de recherche, laboratoires universitaires, services de l&#8217;\u00c9tat, collectivit\u00e9s territoriales, bureaux d\u2019\u00e9tude, associations, etc.) [&hellip;]<\/p>\n","protected":false},"author":319,"featured_media":8275,"template":"","meta":{"_acf_changed":false,"_tribe_events_status":"","_tribe_events_status_reason":"","footnotes":""},"tags":[],"tribe_events_cat":[6],"class_list":["post-8274","tribe_events","type-tribe_events","status-publish","has-post-thumbnail","hentry","tribe_events_cat-colloques","cat_colloques"],"acf":[],"_links":{"self":[{"href":"https:\/\/www.mio.osupytheas.fr\/fr\/wp-json\/wp\/v2\/tribe_events\/8274","targetHints":{"allow":["GET"]}}],"collection":[{"href":"https:\/\/www.mio.osupytheas.fr\/fr\/wp-json\/wp\/v2\/tribe_events"}],"about":[{"href":"https:\/\/www.mio.osupytheas.fr\/fr\/wp-json\/wp\/v2\/types\/tribe_events"}],"author":[{"embeddable":true,"href":"https:\/\/www.mio.osupytheas.fr\/fr\/wp-json\/wp\/v2\/users\/319"}],"version-history":[{"count":2,"href":"https:\/\/www.mio.osupytheas.fr\/fr\/wp-json\/wp\/v2\/tribe_events\/8274\/revisions"}],"predecessor-version":[{"id":8278,"href":"https:\/\/www.mio.osupytheas.fr\/fr\/wp-json\/wp\/v2\/tribe_events\/8274\/revisions\/8278"}],"wp:featuredmedia":[{"embeddable":true,"href":"https:\/\/www.mio.osupytheas.fr\/fr\/wp-json\/wp\/v2\/media\/8275"}],"wp:attachment":[{"href":"https:\/\/www.mio.osupytheas.fr\/fr\/wp-json\/wp\/v2\/media?parent=8274"}],"wp:term":[{"taxonomy":"post_tag","embeddable":true,"href":"https:\/\/www.mio.osupytheas.fr\/fr\/wp-json\/wp\/v2\/tags?post=8274"},{"taxonomy":"tribe_events_cat","embeddable":true,"href":"https:\/\/www.mio.osupytheas.fr\/fr\/wp-json\/wp\/v2\/tribe_events_cat?post=8274"}],"curies":[{"name":"wp","href":"https:\/\/api.w.org\/{rel}","templated":true}]}}

Colloque merIGéo &#8211; De l&#8217;océan à la côte : l’information géographique en mouvement

<p style="text-align: justify;">Le colloque merIGéo rassemble, tous les deux ans, une communauté d’acteurs de la géomatique (établissements publics, organismes de recherche, laboratoires universitaires, services de l&#8217;État, collectivités territoriales, bureaux d’étude, associations, etc.) autour d’une problématique commune : l’étude et la gestion de la mer et de l’océan, du littoral aux grands fonds.</p>
<p style="text-align: justify;">Les organisateurs, Ifremer, OFB et Shom, ont choisi d’organiser cette nouvelle édition du <strong>18</strong> au <strong>20 mars 2025</strong> au centre Ifremer de Nantes, en collaboration avec les enseignants et étudiants de l’IGARUN de Nantes Université.</p>
<p style="text-align: justify;">Venez communiquer durant l&#8217;événement en soumettant une communication orale ou un poster avant le <strong>31 octobre 2024.</strong></p>
&nbsp;
<h4 style="text-align: justify;"><a href="https://www.merigeo.fr/" target="_blank" rel="noopener">En savoir plus</a></h4>

<p>Le colloque merIGéo rassemble, tous les deux ans, une communauté d’acteurs de la géomatique (établissements publics, organismes de recherche, laboratoires universitaires, services de l&#8217;État, collectivités territoriales, bureaux d’étude, associations, etc.) [&hellip;]</p>
